{"id":47,"date":"2021-11-24T23:28:15","date_gmt":"2021-11-24T22:28:15","guid":{"rendered":"https:\/?page_id=47"},"modified":"2021-11-27T14:34:39","modified_gmt":"2021-11-27T13:34:39","slug":"home","status":"publish","type":"page","link":"https:\/\/kalitec.fr\/","title":{"rendered":"home"},"content":{"rendered":"\n<div class=\"wp-block-group\"><div class=\"wp-block-group__inner-container is-layout-flow wp-block-group-is-layout-flow\">\n<div class=\"wp-block-columns is-layout-flex wp-container-core-columns-is-layout-1 wp-block-columns-is-layout-flex\">\n<div class=\"wp-block-column is-layout-flow wp-block-column-is-layout-flow\" style=\"flex-basis:100%\">\n<div class=\"wp-block-group\"><div class=\"wp-block-group__inner-container is-layout-flow wp-block-group-is-layout-flow\">\n<div class=\"video-block\" style=\"text-align: center;\"><a href=\"http:\/\/kalitec.fr\/wp-content\/uploads\/2011\/10\/Capture.jpg\"><img loading=\"lazy\" decoding=\"async\" class=\"alignnone size-medium wp-image-664\" src=\"http:\/\/kalitec.fr\/wp-content\/uploads\/2011\/10\/Capture-300x151.jpg\" alt=\"\" width=\"300\" height=\"145\"><\/a><\/div>\n<div class=\"block\">\n<div class=\"block\">\n<font size=\"5\">\n<p <strong=\"\">Des experts en  <\/p>\n<p <strong=\"\">g\u00e9nie climatique <\/p>\n<\/font>\n<\/div>\n<br>\n<\/div>\n<div class=\"block\">\n<div class=\"text\">\n<p style=\"text-align: justify;\">Cr\u00e9e en 2010 \u00e0 Toulouse, KALITEC G\u00e9nie Climatique n&rsquo;a eu de cesse que d&rsquo;apporter avec r\u00e9sussite une <strong>valeur ajout\u00e9e<\/strong> <strong>pertinente<\/strong> aux projets de ses clients en<strong>&nbsp;tertiaire, industrie et sant\u00e9<\/strong>.<\/p>\n<p style=\"text-align: justify;\">Aujourd&rsquo;hui, avec deux filiales \u00e0 <strong>Toulouse<\/strong> et <strong>Bordeaux,<\/strong> nos \u00e9quipes apportent tous les avantages d&rsquo;une <strong>relation simple et directe <\/strong>\u00e0 ses interlocuteurs. En qu\u00eate permanente d&rsquo;innovation (BIM, Lean management, &#8230;), organis\u00e9s efficacement et avec de solides connaissances techniques, nos experts apportent une <strong>r\u00e9elle valeur ajout\u00e9e<\/strong> a leurs r\u00e9alisations.<\/p>\n<p style=\"text-align: justify;\"><strong>PME souples et r\u00e9actives<\/strong> les entreprises KALITEC G\u00e9nie Climatique savent \u00e9galement se d\u00e9placer pour accompagner leurs clients selon leurs besoins.<\/p>\n<p style=\"text-align: justify;\">&nbsp;<\/p>\n<\/div>\n<\/div>\n<\/div><\/div>\n<\/div>\n<\/div>\n<\/div><\/div>\n\n\n\n<p><\/p>\n","protected":false},"excerpt":{"rendered":"","protected":false},"author":1,"featured_media":785,"parent":0,"menu_order":0,"comment_status":"open","ping_status":"closed","template":"template-home.php","meta":{"_acf_changed":false,"footnotes":""},"class_list":["post-47","page","type-page","status-publish","has-post-thumbnail","hentry"],"acf":[],"_links":{"self":[{"href":"https:\/\/kalitec.fr\/index.php?rest_route=\/wp\/v2\/pages\/47","targetHints":{"allow":["GET"]}}],"collection":[{"href":"https:\/\/kalitec.fr\/index.php?rest_route=\/wp\/v2\/pages"}],"about":[{"href":"https:\/\/kalitec.fr\/index.php?rest_route=\/wp\/v2\/types\/page"}],"author":[{"embeddable":true,"href":"https:\/\/kalitec.fr\/index.php?rest_route=\/wp\/v2\/users\/1"}],"replies":[{"embeddable":true,"href":"https:\/\/kalitec.fr\/index.php?rest_route=%2Fwp%2Fv2%2Fcomments&post=47"}],"version-history":[{"count":131,"href":"https:\/\/kalitec.fr\/index.php?rest_route=\/wp\/v2\/pages\/47\/revisions"}],"predecessor-version":[{"id":954,"href":"https:\/\/kalitec.fr\/index.php?rest_route=\/wp\/v2\/pages\/47\/revisions\/954"}],"wp:featuredmedia":[{"embeddable":true,"href":"https:\/\/kalitec.fr\/index.php?rest_route=\/wp\/v2\/media\/785"}],"wp:attachment":[{"href":"https:\/\/kalitec.fr\/index.php?rest_route=%2Fwp%2Fv2%2Fmedia&parent=47"}],"curies":[{"name":"wp","href":"https:\/\/api.w.org\/{rel}","templated":true}]}}